[INFO] cloning repository https://github.com/indefini/eyegore
[INFO] running `Command { std: "git" "-c" "credential.helper=" "-c" "credential.helper=/workspace/cargo-home/bin/git-credential-null" "clone" "--bare" "https://github.com/indefini/eyegore" "/workspace/cache/git-repos/https%3A%2F%2Fgithub.com%2Findefini%2Feyegore", kill_on_drop: false }`
[INFO] [stderr] Cloning into bare repository '/workspace/cache/git-repos/https%3A%2F%2Fgithub.com%2Findefini%2Feyegore'...
[INFO] running `Command { std: "git" "rev-parse" "HEAD", kill_on_drop: false }`
[INFO] [stdout] 4884c403f6fd8d668da4daf696464d74c7cce4e9
[INFO] checking indefini/eyegore against master#af3c6e733a40e671550e0f0f5aeecaa13772ba56 for pr-74989
[INFO] running `Command { std: "git" "clone" "/workspace/cache/git-repos/https%3A%2F%2Fgithub.com%2Findefini%2Feyegore" "/workspace/builds/worker-5/source", kill_on_drop: false }`
[INFO] [stderr] Cloning into '/workspace/builds/worker-5/source'...
[INFO] [stderr] done.
[INFO] validating manifest of git repo https://github.com/indefini/eyegore on toolchain af3c6e733a40e671550e0f0f5aeecaa13772ba56
[INFO] running `Command { std: "/workspace/cargo-home/bin/cargo" "+af3c6e733a40e671550e0f0f5aeecaa13772ba56" "read-manifest" "--manifest-path" "Cargo.toml", kill_on_drop: false }`
[INFO] started tweaking git repo https://github.com/indefini/eyegore
[INFO] removed path dependency wayland-sys from git repo https://github.com/indefini/eyegore
[INFO] finished tweaking git repo https://github.com/indefini/eyegore
[INFO] tweaked toml for git repo https://github.com/indefini/eyegore written to /workspace/builds/worker-5/source/Cargo.toml
[INFO] crate git repo https://github.com/indefini/eyegore already has a lockfile, it will not be regenerated
[INFO] running `Command { std: "/workspace/cargo-home/bin/cargo" "+af3c6e733a40e671550e0f0f5aeecaa13772ba56" "fetch" "--locked" "--manifest-path" "Cargo.toml", kill_on_drop: false }`
[INFO] [stderr] warning: dependency (wayland-sys) specified without providing a local path, Git repository, or version to use. This will be considered an error in future versions
[INFO] [stderr]     Updating crates.io index
[INFO] [stderr] error: the lock file /workspace/builds/worker-5/source/Cargo.lock needs to be updated but --locked was passed to prevent this
[INFO] [stderr] If you want to try to generate the lock file without accessing the network, use the --offline flag.
[INFO] the lockfile is outdated, regenerating it
[INFO] running `Command { std: "/workspace/cargo-home/bin/cargo" "+af3c6e733a40e671550e0f0f5aeecaa13772ba56" "generate-lockfile" "--manifest-path" "Cargo.toml" "-Zno-index-update", kill_on_drop: false }`
[INFO] running `Command { std: "/workspace/cargo-home/bin/cargo" "+af3c6e733a40e671550e0f0f5aeecaa13772ba56" "fetch" "--locked" "--manifest-path" "Cargo.toml", kill_on_drop: false }`
[INFO] [stderr] warning: dependency (wayland-sys) specified without providing a local path, Git repository, or version to use. This will be considered an error in future versions
[INFO] [stderr]     Blocking waiting for file lock on package cache
[INFO] running `Command { std: "docker" "create" "-v" "/var/lib/crater-agent-workspace/builds/worker-5/target:/opt/rustwide/target:rw,Z" "-v" "/var/lib/crater-agent-workspace/builds/worker-5/source:/opt/rustwide/workdir:ro,Z" "-v" "/var/lib/crater-agent-workspace/cargo-home:/opt/rustwide/cargo-home:ro,Z" "-v" "/var/lib/crater-agent-workspace/rustup-home:/opt/rustwide/rustup-home:ro,Z" "-e" "SOURCE_DIR=/opt/rustwide/workdir" "-e" "CARGO_TARGET_DIR=/opt/rustwide/target" "-e" "CARGO_HOME=/opt/rustwide/cargo-home" "-e" "RUSTUP_HOME=/opt/rustwide/rustup-home" "-w" "/opt/rustwide/workdir" "-m" "1610612736" "--user" "0:0" "--network" "none" "rustops/crates-build-env@sha256:d92eaeed33fa75130ca1ee6c8a01d1ffb62bac859dfdfb3450e3e5d1c0146529" "/opt/rustwide/cargo-home/bin/cargo" "+af3c6e733a40e671550e0f0f5aeecaa13772ba56" "metadata" "--no-deps" "--format-version=1", kill_on_drop: false }`
[INFO] [stdout] e6caff07bdf4c680b08a372d76cac1bdd548d7bd30c76a0fd8abc88866bb750c
[INFO] [stderr] WARNING: Your kernel does not support swap limit capabilities or the cgroup is not mounted. Memory limited without swap.
[INFO] running `Command { std: "docker" "start" "-a" "e6caff07bdf4c680b08a372d76cac1bdd548d7bd30c76a0fd8abc88866bb750c", kill_on_drop: false }`
[INFO] running `Command { std: "docker" "inspect" "e6caff07bdf4c680b08a372d76cac1bdd548d7bd30c76a0fd8abc88866bb750c", kill_on_drop: false }`
[INFO] running `Command { std: "docker" "rm" "-f" "e6caff07bdf4c680b08a372d76cac1bdd548d7bd30c76a0fd8abc88866bb750c", kill_on_drop: false }`
[INFO] [stdout] e6caff07bdf4c680b08a372d76cac1bdd548d7bd30c76a0fd8abc88866bb750c
[INFO] running `Command { std: "docker" "create" "-v" "/var/lib/crater-agent-workspace/builds/worker-5/target:/opt/rustwide/target:rw,Z" "-v" "/var/lib/crater-agent-workspace/builds/worker-5/source:/opt/rustwide/workdir:ro,Z" "-v" "/var/lib/crater-agent-workspace/cargo-home:/opt/rustwide/cargo-home:ro,Z" "-v" "/var/lib/crater-agent-workspace/rustup-home:/opt/rustwide/rustup-home:ro,Z" "-e" "SOURCE_DIR=/opt/rustwide/workdir" "-e" "CARGO_TARGET_DIR=/opt/rustwide/target" "-e" "CARGO_INCREMENTAL=0" "-e" "RUST_BACKTRACE=full" "-e" "RUSTFLAGS=--cap-lints=forbid" "-e" "CARGO_HOME=/opt/rustwide/cargo-home" "-e" "RUSTUP_HOME=/opt/rustwide/rustup-home" "-w" "/opt/rustwide/workdir" "-m" "1610612736" "--user" "0:0" "--network" "none" "rustops/crates-build-env@sha256:d92eaeed33fa75130ca1ee6c8a01d1ffb62bac859dfdfb3450e3e5d1c0146529" "/opt/rustwide/cargo-home/bin/cargo" "+af3c6e733a40e671550e0f0f5aeecaa13772ba56" "check" "--frozen" "--all" "--all-targets" "--message-format=json", kill_on_drop: false }`
[INFO] [stdout] 4dca56179ebb49af7ccdc05b0d75ae5730877934817394510bfd6a54620e447b
[INFO] [stderr] WARNING: Your kernel does not support swap limit capabilities or the cgroup is not mounted. Memory limited without swap.
[INFO] running `Command { std: "docker" "start" "-a" "4dca56179ebb49af7ccdc05b0d75ae5730877934817394510bfd6a54620e447b", kill_on_drop: false }`
[INFO] [stderr] warning: dependency (wayland-sys) specified without providing a local path, Git repository, or version to use. This will be considered an error in future versions
[INFO] [stderr]    Compiling pkg-config v0.3.18
[INFO] [stderr]    Compiling libc v0.2.77
[INFO] [stderr]    Compiling wayland-sys v0.28.0
[INFO] [stderr]     Checking eyegore v0.1.0 (/opt/rustwide/workdir)
[INFO] [stdout] error[E0425]: cannot find function `wl_display_create` in crate `wayland`
[INFO] [stdout]   --> src/main.rs:23:37
[INFO] [stdout]    |
[INFO] [stdout] 23 |     let display = unsafe { wayland::wl_display_create() };
[INFO] [stdout]    |                                     ^^^^^^^^^^^^^^^^^ not found in `wayland`
[INFO] [stdout] 
[INFO] [stdout] 
[INFO] [stdout] error[E0425]: cannot find function `wl_display_add_socket_auto` in crate `wayland`
[INFO] [stdout]   --> src/main.rs:28:41
[INFO] [stdout]    |
[INFO] [stdout] 28 |     let socket_name = unsafe { wayland::wl_display_add_socket_auto(display)};
[INFO] [stdout]    |                                         ^^^^^^^^^^^^^^^^^^^^^^^^^^ not found in `wayland`
[INFO] [stdout] 
[INFO] [stdout] 
[INFO] [stdout] error[E0425]: cannot find function `wl_display_get_event_loop` in crate `wayland`
[INFO] [stdout]   --> src/main.rs:34:35
[INFO] [stdout]    |
[INFO] [stdout] 34 |     let loopp = unsafe { wayland::wl_display_get_event_loop(display) };
[INFO] [stdout]    |                                   ^^^^^^^^^^^^^^^^^^^^^^^^^ not found in `wayland`
[INFO] [stdout] 
[INFO] [stdout] 
[INFO] [stdout] error[E0425]: cannot find function `create_signals` in crate `wayland`
[INFO] [stdout]   --> src/main.rs:36:37
[INFO] [stdout]    |
[INFO] [stdout] 36 |     let signals = unsafe { wayland::create_signals() };
[INFO] [stdout]    |                                     ^^^^^^^^^^^^^^ not found in `wayland`
[INFO] [stdout] 
[INFO] [stdout] 
[INFO] [stdout] error[E0425]: cannot find function `init_tmp` in crate `wayland`
[INFO] [stdout]   --> src/main.rs:38:23
[INFO] [stdout]    |
[INFO] [stdout] 38 |     unsafe { wayland::init_tmp(display) };
[INFO] [stdout]    |                       ^^^^^^^^ not found in `wayland`
[INFO] [stdout] 
[INFO] [stdout] 
[INFO] [stdout] error[E0425]: cannot find function `wl_display_init_shm` in crate `wayland`
[INFO] [stdout]   --> src/main.rs:42:23
[INFO] [stdout]    |
[INFO] [stdout] 42 |     unsafe { wayland::wl_display_init_shm(display); }
[INFO] [stdout]    |                       ^^^^^^^^^^^^^^^^^^^ not found in `wayland`
[INFO] [stdout] 
[INFO] [stdout] 
[INFO] [stdout] error[E0425]: cannot find function `wl_display_run` in crate `wayland`
[INFO] [stdout]   --> src/main.rs:44:23
[INFO] [stdout]    |
[INFO] [stdout] 44 |     unsafe { wayland::wl_display_run(display); }
[INFO] [stdout]    |                       ^^^^^^^^^^^^^^ not found in `wayland`
[INFO] [stdout] 
[INFO] [stdout] 
[INFO] [stdout] error[E0425]: cannot find function `wl_display_destroy` in crate `wayland`
[INFO] [stdout]   --> src/main.rs:45:23
[INFO] [stdout]    |
[INFO] [stdout] 45 |     unsafe { wayland::wl_display_destroy(display); }
[INFO] [stdout]    |                       ^^^^^^^^^^^^^^^^^^ not found in `wayland`
[INFO] [stdout] 
[INFO] [stdout] 
[INFO] [stdout] error[E0425]: cannot find function `main_wlc` in crate `wayland`
[INFO] [stdout]   --> src/main.rs:50:23
[INFO] [stdout]    |
[INFO] [stdout] 50 |     unsafe { wayland::main_wlc(); }
[INFO] [stdout]    |                       ^^^^^^^^ not found in `wayland`
[INFO] [stdout] 
[INFO] [stdout] 
[INFO] [stdout] warning: unused import: `std::ffi::CString`
[INFO] [stdout]  --> src/main.rs:2:5
[INFO] [stdout]   |
[INFO] [stdout] 2 | use std::ffi::CString;
[INFO] [stdout]   |     ^^^^^^^^^^^^^^^^^
[INFO] [stdout]   |
[INFO] [stdout]   = note: `#[warn(unused_imports)]` on by default
[INFO] [stdout] 
[INFO] [stdout] 
[INFO] [stdout] warning: unused import: `std::ptr`
[INFO] [stdout]  --> src/main.rs:3:5
[INFO] [stdout]   |
[INFO] [stdout] 3 | use std::ptr;
[INFO] [stdout]   |     ^^^^^^^^
[INFO] [stdout] 
[INFO] [stdout] 
[INFO] [stdout] error: aborting due to 9 previous errors; 2 warnings emitted
[INFO] [stdout] 
[INFO] [stdout] 
[INFO] [stdout] For more information about this error, try `rustc --explain E0425`.
[INFO] [stdout] 
[INFO] [stderr] error: could not compile `eyegore`.
[INFO] [stderr] 
[INFO] [stderr] To learn more, run the command again with --verbose.
[INFO] [stderr] warning: build failed, waiting for other jobs to finish...
[INFO] [stdout] error[E0425]: cannot find function `wl_display_create` in crate `wayland`
[INFO] [stdout]   --> src/main.rs:23:37
[INFO] [stdout]    |
[INFO] [stdout] 23 |     let display = unsafe { wayland::wl_display_create() };
[INFO] [stdout]    |                                     ^^^^^^^^^^^^^^^^^ not found in `wayland`
[INFO] [stdout] 
[INFO] [stdout] 
[INFO] [stdout] error[E0425]: cannot find function `wl_display_add_socket_auto` in crate `wayland`
[INFO] [stdout]   --> src/main.rs:28:41
[INFO] [stdout]    |
[INFO] [stdout] 28 |     let socket_name = unsafe { wayland::wl_display_add_socket_auto(display)};
[INFO] [stdout]    |                                         ^^^^^^^^^^^^^^^^^^^^^^^^^^ not found in `wayland`
[INFO] [stdout] 
[INFO] [stdout] 
[INFO] [stdout] error[E0425]: cannot find function `wl_display_get_event_loop` in crate `wayland`
[INFO] [stdout]   --> src/main.rs:34:35
[INFO] [stdout]    |
[INFO] [stdout] 34 |     let loopp = unsafe { wayland::wl_display_get_event_loop(display) };
[INFO] [stdout]    |                                   ^^^^^^^^^^^^^^^^^^^^^^^^^ not found in `wayland`
[INFO] [stdout] 
[INFO] [stdout] 
[INFO] [stdout] error[E0425]: cannot find function `create_signals` in crate `wayland`
[INFO] [stdout]   --> src/main.rs:36:37
[INFO] [stdout]    |
[INFO] [stdout] 36 |     let signals = unsafe { wayland::create_signals() };
[INFO] [stdout]    |                                     ^^^^^^^^^^^^^^ not found in `wayland`
[INFO] [stdout] 
[INFO] [stdout] 
[INFO] [stdout] error[E0425]: cannot find function `init_tmp` in crate `wayland`
[INFO] [stdout]   --> src/main.rs:38:23
[INFO] [stdout]    |
[INFO] [stdout] 38 |     unsafe { wayland::init_tmp(display) };
[INFO] [stdout]    |                       ^^^^^^^^ not found in `wayland`
[INFO] [stdout] 
[INFO] [stdout] 
[INFO] [stdout] error[E0425]: cannot find function `wl_display_init_shm` in crate `wayland`
[INFO] [stdout]   --> src/main.rs:42:23
[INFO] [stdout]    |
[INFO] [stdout] 42 |     unsafe { wayland::wl_display_init_shm(display); }
[INFO] [stdout]    |                       ^^^^^^^^^^^^^^^^^^^ not found in `wayland`
[INFO] [stdout] 
[INFO] [stdout] 
[INFO] [stdout] error[E0425]: cannot find function `wl_display_run` in crate `wayland`
[INFO] [stdout]   --> src/main.rs:44:23
[INFO] [stdout]    |
[INFO] [stdout] 44 |     unsafe { wayland::wl_display_run(display); }
[INFO] [stdout]    |                       ^^^^^^^^^^^^^^ not found in `wayland`
[INFO] [stdout] 
[INFO] [stdout] 
[INFO] [stdout] error[E0425]: cannot find function `wl_display_destroy` in crate `wayland`
[INFO] [stdout]   --> src/main.rs:45:23
[INFO] [stdout]    |
[INFO] [stdout] 45 |     unsafe { wayland::wl_display_destroy(display); }
[INFO] [stdout]    |                       ^^^^^^^^^^^^^^^^^^ not found in `wayland`
[INFO] [stdout] 
[INFO] [stdout] 
[INFO] [stdout] error[E0425]: cannot find function `main_wlc` in crate `wayland`
[INFO] [stdout]   --> src/main.rs:50:23
[INFO] [stdout]    |
[INFO] [stdout] 50 |     unsafe { wayland::main_wlc(); }
[INFO] [stdout]    |                       ^^^^^^^^ not found in `wayland`
[INFO] [stdout] 
[INFO] [stdout] 
[INFO] [stdout] warning: unused import: `std::ffi::CString`
[INFO] [stdout]  --> src/main.rs:2:5
[INFO] [stdout]   |
[INFO] [stdout] 2 | use std::ffi::CString;
[INFO] [stdout]   |     ^^^^^^^^^^^^^^^^^
[INFO] [stdout]   |
[INFO] [stdout]   = note: `#[warn(unused_imports)]` on by default
[INFO] [stdout] 
[INFO] [stdout] 
[INFO] [stdout] warning: unused import: `std::ptr`
[INFO] [stdout]  --> src/main.rs:3:5
[INFO] [stdout]   |
[INFO] [stdout] 3 | use std::ptr;
[INFO] [stdout]   |     ^^^^^^^^
[INFO] [stdout] 
[INFO] [stdout] 
[INFO] [stdout] error: aborting due to 9 previous errors; 2 warnings emitted
[INFO] [stdout] 
[INFO] [stdout] 
[INFO] [stdout] For more information about this error, try `rustc --explain E0425`.
[INFO] [stdout] 
[INFO] [stderr] error: build failed
[INFO] running `Command { std: "docker" "inspect" "4dca56179ebb49af7ccdc05b0d75ae5730877934817394510bfd6a54620e447b", kill_on_drop: false }`
[INFO] running `Command { std: "docker" "rm" "-f" "4dca56179ebb49af7ccdc05b0d75ae5730877934817394510bfd6a54620e447b", kill_on_drop: false }`
[INFO] [stdout] 4dca56179ebb49af7ccdc05b0d75ae5730877934817394510bfd6a54620e447b
